{"id":824,"date":"2011-07-20T20:29:21","date_gmt":"2011-07-20T20:29:21","guid":{"rendered":"http:\/\/revotech.home.pl\/autoinstalator\/wordpress4\/?page_id=824"},"modified":"2014-07-21T09:29:20","modified_gmt":"2014-07-21T09:29:20","slug":"antyradary","status":"publish","type":"page","link":"https:\/\/www.revotech.pl\/index.php\/antyradary\/","title":{"rendered":"Antyradary Escort"},"content":{"rendered":"<div style=\"font-size: 13px; padding-bottom: 15px;\">Antyradary Escort \/ <a title=\"Antyradary Whistler\" href=\"http:\/\/www.revotech.pl\/index.php\/whistler\/\">Antyradary Whistler<\/a> \/ <a title=\"Jammer Laser Interceptor\" href=\"http:\/\/revotech.pl\/index.php\/jammer\/\">Jammer Laser Interceptor<\/a> \/ <a title=\"Produkty Logitech\" href=\"http:\/\/revotech.pl\/index.php\/produkty-logitech\/\">Produkty Logitech<\/a><\/div>\n<p><img loading=\"lazy\" decoding=\"async\" width=\"940\" height=\"110\" class=\"alignnone size-full wp-image-1238\" title=\"escort-antyradary\" src=\"http:\/\/www.revotech.pl\/wp-content\/uploads\/2012\/05\/escort-antyradary.jpg\" alt=\"Antyradary Escort\" srcset=\"https:\/\/www.revotech.pl\/wp-content\/uploads\/2012\/05\/escort-antyradary.jpg 940w, https:\/\/www.revotech.pl\/wp-content\/uploads\/2012\/05\/escort-antyradary-300x35.jpg 300w\" sizes=\"(max-width: 940px) 100vw, 940px\" \/><\/p>\n<div class=\"col-12\">\n<h4 style=\"text-transform: none;\">Escort &#8211; najlepsze antyradary<\/h4>\n<\/div>\n<div class=\"clear\"><\/div>\n<div class=\"col-24\">\n<p style=\"text-align: justify;\">Od 2008 roku jeste\u015bmy oficjalnym dystrybutorem marki Escort Inc. w Polsce. Oferujemy profesjonalne detektory radar\u00f3w w wersji rozdzielnej oraz do ca\u0142kowitej, dyskretnej zabudowy.<\/p>\n<p>Na pocz\u0105tku 2009 roku wprowadzili\u015bmy do sprzeda\u017cy model wykrywacza \u2013 <strong>X50 Euro<\/strong>, zaprojektowany od podstaw, przeznaczony wy\u0142\u0105cznie na rynek europejski. Dzi\u0119ki zaw\u0119\u017ceniu pasma Ka do zakresu u\u017cywanego w Europie (Ka-Narrow), oraz zwi\u0119kszeniu czu\u0142o\u015b\u0107 urz\u0105dzenie pozwala na uzyskanie ekstremalnych odleg\u0142o\u015bci wykrywania najnowszych fotoradar\u00f3w, kt\u00f3re pracuj\u0105 z minimaln\u0105 moc\u0105.<\/p>\n<\/div>\n<div class=\"col-24\">\n<p style=\"text-align: justify;\">Rok p\u00f3\u017aniej do sprzeda\u017cy trafi\u0142 kolejny produkt z linii <strong>Escort Qi45 Euro<\/strong>, kt\u00f3ry uzupe\u0142ni\u0142 aktualn\u0105 ofert\u0119 o kolejny model rozdzielny. System przeznaczony jest do ca\u0142kowitej zabudowy, oferuje wygod\u0119 i dyskrecj\u0119, a jego instalacja przebiega niezwykle szybko z wykorzystaniem mniejszej liczby cz\u0119\u015bci ni\u017c w innych systemach detekcji.<\/p>\n<p>W maju 2011 roku wprowadzili\u015bmy na rynek model <strong>9500iX Euro<\/strong>. To pierwszy wykrywacz radar\u00f3w, kt\u00f3ry zapewnia pe\u0142n\u0105 ochron\u0119 przed wszystkimi urz\u0105dzeniami do pomiaru pr\u0119dko\u015bci w Europie oraz posiada baz\u0119 danych GPS, kt\u00f3r\u0105 mo\u017cna aktualizowa\u0107 przez Internet.<\/p>\n<\/div>\n<div class=\"clear\"><\/div>\n<div class=\"divider\"><\/div>\n<div class=\"col-14\">\n<div><img decoding=\"async\" style=\"margin-top: 10px;\" src=\"http:\/\/www.revotech.pl\/wp-content\/uploads\/2011\/07\/8500ciEuroPlus.jpg\" alt=\"\" \/><\/div>\n<\/div>\n<div class=\"col-14\">\n<div><img decoding=\"async\" style=\"margin-top: 10px;\" src=\"http:\/\/www.revotech.pl\/wp-content\/uploads\/2011\/07\/8500ci-logo.png\" alt=\"\" \/><\/div>\n<\/div>\n<div class=\"col-12\">\n<h4 style=\"text-transform: none;\">Escort Passport 8500ci Plus EURO<\/h4>\n<p>Antyradar wyposa\u017cony zosta\u0142 w system inteligentnej redukcji fa\u0142szywych alarm\u00f3w &#8211; dzi\u0119ki wbudowanemu modu\u0142owi GPS. Zapewnia fenomenaln\u0105 czu\u0142o\u015b\u0107 w ka\u017cdym z pasm &#8211; co w rezultacie daje niewiarygodnie skuteczn\u0105 ochron\u0119! Mo\u017cna powiedzie\u0107, \u017ce detektor jest po\u0142\u0105czeniem zalet antyradaru Qi45 Euro oraz 9500ci \u2013 najwy\u017csza klasa czu\u0142o\u015bci oraz maksymalnie uproszczona instalacja.<\/p>\n<\/div>\n<div class=\"divider\"><\/div>\n<div class=\"col-14\">\n<div><img decoding=\"async\" style=\"margin-top: 10px;\" src=\"http:\/\/revotech.pl\/wp-content\/uploads\/2011\/07\/9500ci.jpg\" alt=\"\" \/><\/div>\n<\/div>\n<div class=\"col-14\">\n<div><img decoding=\"async\" style=\"margin-top: 10px;\" src=\"http:\/\/revotech.pl\/wp-content\/uploads\/2011\/07\/logo-9500ci.png\" alt=\"\" \/><\/div>\n<\/div>\n<div class=\"col-12\">\n<h4 style=\"text-transform: none;\">Escort Passport 9500ci<\/h4>\n<p>9500ci to kompletny i najbardziej zaawansowany technicznie system ochrony radarowo-laserowej do zabudowy na sta\u0142e, jaki kiedykolwiek zosta\u0142 wyprodukowany. Po\u0142\u0105czenie techniki ca\u0142kowitej niewykrywalno\u015bci przez detektory detektor\u00f3w (r\u00f3wnie\u017c klasy SPECTRE), inteligentna redukcja fa\u0142szywych alarm\u00f3w za pomoc\u0105 modu\u0142u GPS, aktywna obrona jammera laserowego oraz fenomenalna czu\u0142o\u015b\u0107 w ka\u017cdym z pasm daj\u0105 w rezultacie ochron\u0119, kt\u00f3ra wyprzedza jak\u0105kolwiek konkurencj\u0119 o lata \u015bwietlne!<\/p>\n<\/div>\n<div class=\"divider\"><\/div>\n<div class=\"col-14\">\n<div><img decoding=\"async\" style=\"margin-top: 10px;\" src=\"http:\/\/revotech.pl\/wp-content\/uploads\/2011\/07\/9500ix.jpg\" alt=\"\" \/><\/div>\n<\/div>\n<div class=\"col-14\">\n<div><img decoding=\"async\" style=\"margin-top: 10px;\" src=\"http:\/\/revotech.pl\/wp-content\/uploads\/2011\/07\/logo-9500ix.png\" alt=\"\" \/><\/div>\n<\/div>\n<div class=\"col-12\">\n<h4 style=\"text-transform: none;\">Escort Passport 9500iX EURO<\/h4>\n<p>To jedyny detektor przeznaczony wy\u0142\u0105cznie na rynek europejski, kt\u00f3ry \u0142\u0105czy w sobie technologi\u0119 GPS, mo\u017cliwo\u015bci sieci Internet oraz sztucznej inteligencji. Passport 9500iX EURO zapewnia najlepsz\u0105 ochron\u0119, wprowadzaj\u0105c funkcje, kt\u00f3re zrewolucjonizowa\u0142y rynek wykrywaczy. Dodatkowo model ten zosta\u0142 znacznie zmodyfikowany, tak aby wykrywa\u0142 wszystkie europejskie fotoradary lasery oraz impulsowe radary r\u0119czne takie jak ISKRA. Model ten posiada wbudowan\u0105 baz\u0119 GPS europejskich fotoradar\u00f3w stacjonarnych, kt\u00f3re nie wysy\u0142aj\u0105 wi\u0105zki radarowej i kt\u00f3rych wykrycie przez inne wykrywacze jest niestety niemo\u017cliwe. <strong>9500iX Euro zapewnia 100% ochron\u0119!<\/strong><\/p>\n<\/div>\n<div class=\"divider\"><\/div>\n<div class=\"col-14\">\n<div><img decoding=\"async\" style=\"margin-top: 10px;\" src=\"http:\/\/revotech.pl\/wp-content\/uploads\/2011\/07\/qi45.jpg\" alt=\"\" \/><\/div>\n<\/div>\n<div class=\"col-14\">\n<div><img decoding=\"async\" style=\"margin-top: 10px;\" src=\"http:\/\/revotech.pl\/wp-content\/uploads\/2011\/07\/logo-qi45.png\" alt=\"\" \/><\/div>\n<\/div>\n<div class=\"col-12\">\n<h4 style=\"text-transform: none;\">Escort Passport Qi45 EURO<\/h4>\n<p>Najnowszy Qi45\u2122 EURO oferuje najwy\u017csz\u0105 wykrywalno\u015b\u0107 w dyskretnej, instalowanej w niestandardowy spos\u00f3b jednostce. Niew\u0105tpliw\u0105 zalet\u0105 tego kompaktowego, prostego w pod\u0142\u0105czaniu oraz niedrogiego systemu jest zastosowanie tradycyjnych z\u0142\u0105czy i kabli oraz utrzymanie znanej z wcze\u015bniejszych modeli funkcjonalno\u015bci. Qi45\u2122 EURO to najlepsza odpowied\u017a na potrzeby zwi\u0105zane z detektorem przeznaczonym do niestandardowej instalacji.<\/p>\n<\/div>\n<div class=\"divider\"><\/div>\n<div class=\"col-14\">\n<div><img decoding=\"async\" style=\"margin-top: 10px;\" src=\"http:\/\/revotech.pl\/wp-content\/uploads\/2011\/12\/x50.jpg\" alt=\"\" \/><\/div>\n<\/div>\n<div class=\"col-14\">\n<div><img decoding=\"async\" style=\"margin-top: 10px;\" src=\"http:\/\/revotech.pl\/wp-content\/uploads\/2011\/12\/logo-x50.png\" alt=\"\" \/><\/div>\n<\/div>\n<div class=\"col-12\">\n<h4 style=\"text-transform: none;\">Escort Passport x50 EURO Black<\/h4>\n<p>Jako pierwszy na \u015bwiecie zosta\u0142 wyposa\u017cony w odr\u0119bn\u0105 funkcj\u0119 \u2018K Pulse\u2019, opracowan\u0105 specjalnie dla wykrywania impulsowych radar\u00f3w Iskra-1, Iskra-M, Video-Iskra, Radius i Berkut. Dzi\u0119ki temu jest gotowy do detekcji tych niezwykle trudnych do wykrycia przez inne wykrywacze radar\u00f3w impulsowych i to w ka\u017cdym z tryb\u00f3w ich pracy.<\/p>\n<\/div>\n<div class=\"divider\"><\/div>\n<div class=\"clear\"><\/div>\n","protected":false},"excerpt":{"rendered":"<p>Antyradary Escort \/ Antyradary Whistler \/ Jammer Laser Interceptor \/ Produkty Logitech Escort &#8211; najlepsze antyradary Od 2008 roku jeste\u015bmy oficjalnym dystrybutorem marki Escort Inc. w Polsce. Oferujemy profesjonalne detektory radar\u00f3w w wersji rozdzielnej oraz do ca\u0142kowitej, dyskretnej zabudowy. Na pocz\u0105tku 2009 roku wprowadzili\u015bmy do sprzeda\u017cy model wykrywacza \u2013 X50 Euro, zaprojektowany od podstaw, przeznaczony [&hellip;]<\/p>\n","protected":false},"author":1,"featured_media":0,"parent":0,"menu_order":1,"comment_status":"closed","ping_status":"open","template":"fullwidth.php","meta":{"footnotes":""},"_links":{"self":[{"href":"https:\/\/www.revotech.pl\/index.php\/wp-json\/wp\/v2\/pages\/824"}],"collection":[{"href":"https:\/\/www.revotech.pl\/index.php\/wp-json\/wp\/v2\/pages"}],"about":[{"href":"https:\/\/www.revotech.pl\/index.php\/wp-json\/wp\/v2\/types\/page"}],"author":[{"embeddable":true,"href":"https:\/\/www.revotech.pl\/index.php\/wp-json\/wp\/v2\/users\/1"}],"replies":[{"embeddable":true,"href":"https:\/\/www.revotech.pl\/index.php\/wp-json\/wp\/v2\/comments?post=824"}],"version-history":[{"count":71,"href":"https:\/\/www.revotech.pl\/index.php\/wp-json\/wp\/v2\/pages\/824\/revisions"}],"predecessor-version":[{"id":1296,"href":"https:\/\/www.revotech.pl\/index.php\/wp-json\/wp\/v2\/pages\/824\/revisions\/1296"}],"wp:attachment":[{"href":"https:\/\/www.revotech.pl\/index.php\/wp-json\/wp\/v2\/media?parent=824"}],"curies":[{"name":"wp","href":"https:\/\/api.w.org\/{rel}","templated":true}]}}